
2
What is the thousands digit of 88107?
8
What is the units digit of 9817?
7
What is the units digit of 3363?
3
What is the thousands digit of 13428?
3
What is the hundreds digit of 719?
7
What is the units digit of 515?
5
What is the tens digit of 421?
2
What is the hundreds digit of 2647?
6
What is the ten thousands digit of 62267?
6
What is the tens digit of 134579?
7
What is the tens digit of 59957?
5
What is the hundreds digit of 5409?
4
What is the hundreds digit of 583?
5
What is the tens digit of 19?
1
What is the hundreds digit of 4163?
1
What is the tens digit of 900?
0
What is the units digit of 6?
6
What is the thousands digit of 24225?
4
What is the thousands digit of 2204?
2
What is the tens digit of 161463?
6
What is the tens digit of 62?
6
What is the ten thousands digit of 29913?
2
What is the thousands digit of 6638?
6
What is the tens digit of 399?
9
What is the tens digit of 182561?
6
What is the units digit of 44474?
4
What is the tens digit of 1348?
4
What is the units digit of 12813?
3
What is the thousands digit of 2944?
2
What is the thousands digit of 21339?
1
What is the thousands digit of 9059?
9
What is the tens digit of 982?
8
What is the thousands digit of 4362?
4
What is the thousands digit of 62268?
2
What is the hundreds digit of 9386?
3
What is the units digit of 2165?
5
What is the units digit of 21879?
9
What is the tens digit of 190?
9
What is the hundreds digit of 457?
4
What is the tens digit of 1240?
4
What is the units digit of 2311?
1
What is the units digit of 26091?
1
What is the units digit of 317?
7
What is the units digit of 532?
2
What is the hundreds digit of 13995?
9
What is the thousands digit of 1247?
1
What is the units digit of 4664?
4
What is the tens digit of 14826?
2
What is the units digit of 11542?
2
What is the hundreds digit of 68502?
5
What is the ten thousands digit of 21268?
2
What is the thousands digit of 2089?
2
What is the hundreds digit of 13913?
9
What is the hundreds digit of 17910?
9
What is the tens digit of 1189?
8
What is the units digit of 1004?
4
What is the tens digit of 14040?
4
What is the tens digit of 1098?
9
What is the thousands digit of 73353?
3
What is the thousands digit of 2173?
2
What is the units digit of 4812?
2
What is the tens digit of 1105?
0
What is the units digit of 60747?
7
What is the thousands digit of 35237?
5
What is the tens digit of 27374?
7
What is the units digit of 2283?
3
What is the hundreds digit of 1466?
4
What is the units digit of 371?
1
What is the hundreds digit of 240?
2
What is the thousands digit of 1342?
1
What is the tens digit of 4360?
6
What is the units digit of 32537?
7
What is the hundreds digit of 1986?
9
What is the hundreds digit of 962?
9
What is the ten thousands digit of 38332?
3
What is the hundreds digit of 31977?
9
What is the tens digit of 1020?
2
What is the tens digit of 211?
1
What is the tens digit of 3984?
8
What is the tens digit of 25224?
2
What is the tens digit of 28094?
9
What is the thousands digit of 3450?
3
What is the units digit of 10378?
8
What is the tens digit of 64?
6
What is the units digit of 4419?
9
What is the thousands digit of 3499?
3
What is the hundreds digit of 23595?
5
What is the hundreds digit of 4876?
8
What is the hundreds digit of 449?
4
What is the tens digit of 418?
1
What is the thousands digit of 4136?
4
What is the hundreds digit of 19305?
3
What is the units digit of 1782?
2
What is the tens digit of 3120?
2
What is the thousands digit of 22242?
2
What is the tens digit of 136?
3
What is the units digit of 1527?
7
What is the units digit of 2472?
2
What is the units digit of 298?
8
What is the hundreds digit of 1384?
3
What is the units digit of 51151?
1
What is the tens digit of 10469?
6
What is the thousands digit of 16487?
6
What is the hundreds digit of 78167?
1
What is the tens digit of 75702?
0
What is the ten thousands digit of 71510?
7
What is the ten thousands digit of 45076?
4
What is the thousands digit of 1323?
1
What is the tens digit of 3874?
7
What is the units digit of 23274?
4
What is the hundreds digit of 63993?
9
What is the units digit of 19681?
1
What is the hundreds digit of 40103?
1
What is the tens digit of 27944?
4
What is the thousands digit of 7019?
7
What is the units digit of 3758?
8
What is the hundreds digit of 16886?
8
What is the hundreds digit of 7940?
9
What is the tens digit of 20907?
0
What is the thousands digit of 3034?
3
What is the tens digit of 7053?
5
What is the units digit of 1262?
2
What is the hundreds digit of 7303?
3
What is the units digit of 5030?
0
What is the thousands digit of 31333?
1
What is the units digit of 869?
9
What is the tens digit of 1334?
3
What is the tens digit of 2437?
3
What is the hundreds digit of 8959?
9
What is the units digit of 45?
5
What is the units digit of 32652?
2
What is the thousands digit of 5668?
5
What is the tens digit of 4382?
8
What is the units digit of 39723?
3
What is the hundreds digit of 475?
4
What is the units digit of 3485?
5
What is the tens digit of 3722?
2
What is the hundreds digit of 731?
7
What is the ten thousands digit of 28736?
2
What is the thousands digit of 1316?
1
What is the tens digit of 1314?
1
What is the thousands digit of 127308?
7
What is the hundreds digit of 6765?
7
What is the hundreds digit of 385?
3
What is the ten thousands digit of 10027?
1
What is the tens digit of 352?
5
What is the tens digit of 36775?
7
What is the tens digit of 1709?
0
What is the hundreds digit of 353?
3
What is the thousands digit of 29294?
9
What is the tens digit of 1761?
6
What is the tens digit of 628?
2
What is the hundreds digit of 50125?
1
What is the thousands digit of 24542?
4
What is the tens digit of 47069?
6
What is the units digit of 16831?
1
What is the units digit of 10972?
2
What is the units digit of 30460?
0
What is the ten thousands digit of 28118?
2
What is the thousands digit of 7076?
7
What is the tens digit of 789?
8
What is the hundreds digit of 15931?
9
What is the hundreds digit of 255?
2
What is the hundreds digit of 1505?
5
What is the thousands digit of 1185?
1
What is the thousands digit of 19447?
9
What is the hundreds digit of 734?
7
What is the units digit of 65808?
8
What is the ten thousands digit of 13232?
1
What is the ten thousands digit of 50060?
5
What is the thousands digit of 30322?
0
What is the units digit of 3522?
2
What is the thousands digit of 1273?
1
What is the hundreds digit of 18766?
7
What is the hundreds digit of 165202?
2
What is the thousands digit of 4951?
4
What is the thousands digit of 56417?
6
What is the ten thousands digit of 11863?
1
What is the tens digit of 4809?
0
What is the units digit of 550?
0
What is the tens digit of 17651?
5
What is the tens digit of 780?
8
What is the ten thousands digit of 104378?
0
What is the hundreds digit of 287?
2
What is the ten thousands digit of 80573?
8
What is the thousands digit of 1846?
1
What is the units digit of 43076?
6
What is the hundreds digit of 8253?
2
What is the thousands digit of 2114?
2
What is the tens digit of 1765?
6
What is the tens digit of 358?
5
What is the hundreds digit of 580?
5
What is the tens digit of 1255?
5
What is the tens digit of 68?
6
What is the tens digit of 2059?
5
What is the tens digit of 116660?
6
What is the hundreds digit of 1928?
9
What is the thousands digit of 2125?
2
What is the hundreds digit of 5748?
7
What is the thousands digit of 2252?
2
What is the thousands digit of 11757?
1
What is the tens digit of 53005?
0
What is the units digit of 31981?
1
What is the tens digit of 287?
8
What is the units digit of 2039?
9
What is the tens digit of 3294?
9
What is the tens digit of 2203?
0
What is the ten thousands digit of 105582?
0
What is the units digit of 45296?
6
What is the thousands digit of 2280?
2
What is the hundreds digit of 533?
5
What is the tens digit of 86493?
9
What is the hundreds digit of 1573?
5
What is the hundreds digit of 80485?
4
What is the thousands digit of 53466?
3
What is the units digit of 736?
6
What is the hundreds digit of 5894?
8
What is the units digit of 2435?
5
What is the tens digit of 481?
8
What is the units digit of 2654?
4
What is the thousands digit of 9418?
9
What is the hundreds digit